{"id":17,"date":"2025-05-19T15:56:17","date_gmt":"2025-05-19T15:56:17","guid":{"rendered":"https:\/\/www.ducati-dijon.com\/index.php\/wishlist\/"},"modified":"2026-01-13T15:01:21","modified_gmt":"2026-01-13T13:01:21","slug":"wishlist","status":"publish","type":"page","link":"https:\/\/www.ducati-dijon.com\/index.php\/wishlist\/","title":{"rendered":"Liste de souhaits"},"content":{"rendered":"\t\t<div data-elementor-type=\"wp-page\" data-elementor-id=\"17\" class=\"elementor elementor-17\" data-elementor-post-type=\"page\">\n\t\t\t\t\t\t<section class=\"elementor-section elementor-top-section elementor-element elementor-element-97896d6 elementor-section-boxed elementor-section-height-default elementor-section-height-default\" data-id=\"97896d6\" data-element_type=\"section\">\n\t\t\t\t\t\t<div class=\"elementor-container elementor-column-gap-default\">\n\t\t\t\t\t<div class=\"elementor-column elementor-col-100 elementor-top-column elementor-element elementor-element-c7f2e16\" data-id=\"c7f2e16\" data-element_type=\"column\">\n\t\t\t<div class=\"elementor-widget-wrap elementor-element-populated\">\n\t\t\t\t\t\t<div class=\"elementor-element elementor-element-cfff164 elementor-widget elementor-widget-heading\" data-id=\"cfff164\" data-element_type=\"widget\" data-widget_type=\"heading.default\">\n\t\t\t\t<div class=\"elementor-widget-container\">\n\t\t\t\t\t<h2 class=\"elementor-heading-title elementor-size-default\">NOS OFFRES DU MOMENT<\/h2>\t\t\t\t<\/div>\n\t\t\t\t<\/div>\n\t\t\t\t\t<\/div>\n\t\t<\/div>\n\t\t\t\t\t<\/div>\n\t\t<\/section>\n\t\t\t\t<section class=\"elementor-section elementor-top-section elementor-element elementor-element-1364c92 elementor-section-boxed elementor-section-height-default elementor-section-height-default\" data-id=\"1364c92\" data-element_type=\"section\">\n\t\t\t\t\t\t<div class=\"elementor-container elementor-column-gap-default\">\n\t\t\t\t\t<div class=\"elementor-column elementor-col-100 elementor-top-column elementor-element elementor-element-f5b9df3\" data-id=\"f5b9df3\" data-element_type=\"column\">\n\t\t\t<div class=\"elementor-widget-wrap elementor-element-populated\">\n\t\t\t\t\t\t<div class=\"elementor-element elementor-element-5ef07a4 elementor-widget-divider--view-line elementor-widget elementor-widget-divider\" data-id=\"5ef07a4\" data-element_type=\"widget\" data-widget_type=\"divider.default\">\n\t\t\t\t<div class=\"elementor-widget-container\">\n\t\t\t\t\t\t\t<div class=\"elementor-divider\">\n\t\t\t<span class=\"elementor-divider-separator\">\n\t\t\t\t\t\t<\/span>\n\t\t<\/div>\n\t\t\t\t\t\t<\/div>\n\t\t\t\t<\/div>\n\t\t\t\t<div class=\"elementor-element elementor-element-6a12493 elementor-widget elementor-widget-text-editor\" data-id=\"6a12493\" data-element_type=\"widget\" data-widget_type=\"text-editor.default\">\n\t\t\t\t<div class=\"elementor-widget-container\">\n\t\t\t\t\t\t\t\t\t<div class=\"d-editor-text -wide _module-space-top\"><div class=\"body\"><div class=\"title -small\"><div class=\"d-editor-text -wide _module-space-top\"><div class=\"body\"><div class=\"content\"><p>Ducati Financial Services vous propose chaque mois de nouvelles offres en LOA vous permettant d&rsquo;\u00e9taler les paiements de votre moto avant de la racheter, ou non au bout de 3 ans.\u00a0<\/p><p>En ce d\u00e9but d&rsquo;ann\u00e9e, b\u00e9n\u00e9ficiez d&rsquo;avantages exceptionnels sur les mod\u00e8les XDiavel V4, Multistrada V2 et V4, Scrambler Icon Dark, Streetfighter V2 et V4, et Panigale V2.\u00a0<\/p><\/div><\/div><\/div><\/div><\/div><\/div>\t\t\t\t\t\t\t\t<\/div>\n\t\t\t\t<\/div>\n\t\t\t\t\t<\/div>\n\t\t<\/div>\n\t\t\t\t\t<\/div>\n\t\t<\/section>\n\t\t\t\t<section class=\"elementor-section elementor-top-section elementor-element elementor-element-4bbf055 elementor-section-boxed elementor-section-height-default elementor-section-height-default\" data-id=\"4bbf055\" data-element_type=\"section\">\n\t\t\t\t\t\t<div class=\"elementor-container elementor-column-gap-default\">\n\t\t\t\t\t<div class=\"elementor-column elementor-col-25 elementor-top-column elementor-element elementor-element-2aff35f\" data-id=\"2aff35f\" data-element_type=\"column\">\n\t\t\t<div class=\"elementor-widget-wrap elementor-element-populated\">\n\t\t\t\t\t\t<div class=\"elementor-element elementor-element-f749d0b elementor-widget elementor-widget-image\" data-id=\"f749d0b\" data-element_type=\"widget\" data-widget_type=\"image.default\">\n\t\t\t\t<div class=\"elementor-widget-container\">\n\t\t\t\t\t\t\t\t\t\t\t\t\t\t\t<img fetchpriority=\"high\" decoding=\"async\" width=\"1024\" height=\"1024\" src=\"https:\/\/www.ducati-dijon.com\/wp-content\/uploads\/2025\/10\/LOA_1025_SCRAMBLER_1080x1080-1024x1024.png\" class=\"attachment-large size-large wp-image-1364\" alt=\"\" srcset=\"https:\/\/www.ducati-dijon.com\/wp-content\/uploads\/2025\/10\/LOA_1025_SCRAMBLER_1080x1080-1024x1024.png 1024w, https:\/\/www.ducati-dijon.com\/wp-content\/uploads\/2025\/10\/LOA_1025_SCRAMBLER_1080x1080-300x300.png 300w, https:\/\/www.ducati-dijon.com\/wp-content\/uploads\/2025\/10\/LOA_1025_SCRAMBLER_1080x1080-150x150.png 150w, https:\/\/www.ducati-dijon.com\/wp-content\/uploads\/2025\/10\/LOA_1025_SCRAMBLER_1080x1080-768x768.png 768w, https:\/\/www.ducati-dijon.com\/wp-content\/uploads\/2025\/10\/LOA_1025_SCRAMBLER_1080x1080.png 1080w\" sizes=\"(max-width: 1024px) 100vw, 1024px\" \/>\t\t\t\t\t\t\t\t\t\t\t\t\t\t\t<\/div>\n\t\t\t\t<\/div>\n\t\t\t\t\t<\/div>\n\t\t<\/div>\n\t\t\t\t<div class=\"elementor-column elementor-col-25 elementor-top-column elementor-element elementor-element-7e3630f\" data-id=\"7e3630f\" data-element_type=\"column\">\n\t\t\t<div class=\"elementor-widget-wrap elementor-element-populated\">\n\t\t\t\t\t\t<div class=\"elementor-element elementor-element-1c602ce elementor-widget elementor-widget-image\" data-id=\"1c602ce\" data-element_type=\"widget\" data-widget_type=\"image.default\">\n\t\t\t\t<div class=\"elementor-widget-container\">\n\t\t\t\t\t\t\t\t\t\t\t\t\t\t\t<img decoding=\"async\" width=\"1024\" height=\"1024\" src=\"https:\/\/www.ducati-dijon.com\/wp-content\/uploads\/2025\/10\/LOA_1025_HYPERMOTARD_1080x1080-1024x1024.png\" class=\"attachment-large size-large wp-image-1365\" alt=\"\" srcset=\"https:\/\/www.ducati-dijon.com\/wp-content\/uploads\/2025\/10\/LOA_1025_HYPERMOTARD_1080x1080-1024x1024.png 1024w, https:\/\/www.ducati-dijon.com\/wp-content\/uploads\/2025\/10\/LOA_1025_HYPERMOTARD_1080x1080-300x300.png 300w, https:\/\/www.ducati-dijon.com\/wp-content\/uploads\/2025\/10\/LOA_1025_HYPERMOTARD_1080x1080-150x150.png 150w, https:\/\/www.ducati-dijon.com\/wp-content\/uploads\/2025\/10\/LOA_1025_HYPERMOTARD_1080x1080-768x768.png 768w, https:\/\/www.ducati-dijon.com\/wp-content\/uploads\/2025\/10\/LOA_1025_HYPERMOTARD_1080x1080.png 1080w\" sizes=\"(max-width: 1024px) 100vw, 1024px\" \/>\t\t\t\t\t\t\t\t\t\t\t\t\t\t\t<\/div>\n\t\t\t\t<\/div>\n\t\t\t\t\t<\/div>\n\t\t<\/div>\n\t\t\t\t<div class=\"elementor-column elementor-col-25 elementor-top-column elementor-element elementor-element-42b3a1d\" data-id=\"42b3a1d\" data-element_type=\"column\">\n\t\t\t<div class=\"elementor-widget-wrap elementor-element-populated\">\n\t\t\t\t\t\t<div class=\"elementor-element elementor-element-8939549 elementor-widget elementor-widget-image\" data-id=\"8939549\" data-element_type=\"widget\" data-widget_type=\"image.default\">\n\t\t\t\t<div class=\"elementor-widget-container\">\n\t\t\t\t\t\t\t\t\t\t\t\t\t\t\t<img decoding=\"async\" width=\"1024\" height=\"1024\" src=\"https:\/\/www.ducati-dijon.com\/wp-content\/uploads\/2025\/10\/LOA_1025_STREETFIGHTER-V2_1080x1080-1024x1024.png\" class=\"attachment-large size-large wp-image-1363\" alt=\"\" srcset=\"https:\/\/www.ducati-dijon.com\/wp-content\/uploads\/2025\/10\/LOA_1025_STREETFIGHTER-V2_1080x1080-1024x1024.png 1024w, https:\/\/www.ducati-dijon.com\/wp-content\/uploads\/2025\/10\/LOA_1025_STREETFIGHTER-V2_1080x1080-300x300.png 300w, https:\/\/www.ducati-dijon.com\/wp-content\/uploads\/2025\/10\/LOA_1025_STREETFIGHTER-V2_1080x1080-150x150.png 150w, https:\/\/www.ducati-dijon.com\/wp-content\/uploads\/2025\/10\/LOA_1025_STREETFIGHTER-V2_1080x1080-768x768.png 768w, https:\/\/www.ducati-dijon.com\/wp-content\/uploads\/2025\/10\/LOA_1025_STREETFIGHTER-V2_1080x1080.png 1080w\" sizes=\"(max-width: 1024px) 100vw, 1024px\" \/>\t\t\t\t\t\t\t\t\t\t\t\t\t\t\t<\/div>\n\t\t\t\t<\/div>\n\t\t\t\t\t<\/div>\n\t\t<\/div>\n\t\t\t\t<div class=\"elementor-column elementor-col-25 elementor-top-column elementor-element elementor-element-79448ee\" data-id=\"79448ee\" data-element_type=\"column\">\n\t\t\t<div class=\"elementor-widget-wrap elementor-element-populated\">\n\t\t\t\t\t\t<div class=\"elementor-element elementor-element-acfb59e elementor-widget elementor-widget-image\" data-id=\"acfb59e\" data-element_type=\"widget\" data-widget_type=\"image.default\">\n\t\t\t\t<div class=\"elementor-widget-container\">\n\t\t\t\t\t\t\t\t\t\t\t\t\t\t\t<img loading=\"lazy\" decoding=\"async\" width=\"1024\" height=\"1024\" src=\"https:\/\/www.ducati-dijon.com\/wp-content\/uploads\/2025\/10\/LOA_1025_MULTISTRADA-V2_1080x1080-1024x1024.png\" class=\"attachment-large size-large wp-image-1362\" alt=\"\" srcset=\"https:\/\/www.ducati-dijon.com\/wp-content\/uploads\/2025\/10\/LOA_1025_MULTISTRADA-V2_1080x1080-1024x1024.png 1024w, https:\/\/www.ducati-dijon.com\/wp-content\/uploads\/2025\/10\/LOA_1025_MULTISTRADA-V2_1080x1080-300x300.png 300w, https:\/\/www.ducati-dijon.com\/wp-content\/uploads\/2025\/10\/LOA_1025_MULTISTRADA-V2_1080x1080-150x150.png 150w, https:\/\/www.ducati-dijon.com\/wp-content\/uploads\/2025\/10\/LOA_1025_MULTISTRADA-V2_1080x1080-768x768.png 768w, https:\/\/www.ducati-dijon.com\/wp-content\/uploads\/2025\/10\/LOA_1025_MULTISTRADA-V2_1080x1080.png 1080w\" sizes=\"(max-width: 1024px) 100vw, 1024px\" \/>\t\t\t\t\t\t\t\t\t\t\t\t\t\t\t<\/div>\n\t\t\t\t<\/div>\n\t\t\t\t\t<\/div>\n\t\t<\/div>\n\t\t\t\t\t<\/div>\n\t\t<\/section>\n\t\t\t\t<section class=\"elementor-section elementor-top-section elementor-element elementor-element-b622ef4 elementor-section-boxed elementor-section-height-default elementor-section-height-default\" data-id=\"b622ef4\" data-element_type=\"section\">\n\t\t\t\t\t\t<div class=\"elementor-container elementor-column-gap-default\">\n\t\t\t\t\t<div class=\"elementor-column elementor-col-100 elementor-top-column elementor-element elementor-element-866b4aa\" data-id=\"866b4aa\" data-element_type=\"column\">\n\t\t\t<div class=\"elementor-widget-wrap elementor-element-populated\">\n\t\t\t\t\t\t<div class=\"elementor-element elementor-element-bc9b70f elementor-widget elementor-widget-spacer\" data-id=\"bc9b70f\" data-element_type=\"widget\" data-widget_type=\"spacer.default\">\n\t\t\t\t<div class=\"elementor-widget-container\">\n\t\t\t\t\t\t\t<div class=\"elementor-spacer\">\n\t\t\t<div class=\"elementor-spacer-inner\"><\/div>\n\t\t<\/div>\n\t\t\t\t\t\t<\/div>\n\t\t\t\t<\/div>\n\t\t\t\t\t<\/div>\n\t\t<\/div>\n\t\t\t\t\t<\/div>\n\t\t<\/section>\n\t\t\t\t<section class=\"elementor-section elementor-top-section elementor-element elementor-element-a7b36dd elementor-section-boxed elementor-section-height-default elementor-section-height-default\" data-id=\"a7b36dd\" data-element_type=\"section\">\n\t\t\t\t\t\t<div class=\"elementor-container elementor-column-gap-default\">\n\t\t\t\t\t<div class=\"elementor-column elementor-col-25 elementor-top-column elementor-element elementor-element-2e2b4b4\" data-id=\"2e2b4b4\" data-element_type=\"column\">\n\t\t\t<div class=\"elementor-widget-wrap elementor-element-populated\">\n\t\t\t\t\t\t<div class=\"elementor-element elementor-element-cf59b04 elementor-widget elementor-widget-image\" data-id=\"cf59b04\" data-element_type=\"widget\" data-widget_type=\"image.default\">\n\t\t\t\t<div class=\"elementor-widget-container\">\n\t\t\t\t\t\t\t\t\t\t\t\t\t\t\t<img loading=\"lazy\" decoding=\"async\" width=\"1024\" height=\"1024\" src=\"https:\/\/www.ducati-dijon.com\/wp-content\/uploads\/2025\/10\/LOA_1025_PANIGALE_1080x1080-1024x1024.png\" class=\"attachment-large size-large wp-image-1360\" alt=\"\" srcset=\"https:\/\/www.ducati-dijon.com\/wp-content\/uploads\/2025\/10\/LOA_1025_PANIGALE_1080x1080-1024x1024.png 1024w, https:\/\/www.ducati-dijon.com\/wp-content\/uploads\/2025\/10\/LOA_1025_PANIGALE_1080x1080-300x300.png 300w, https:\/\/www.ducati-dijon.com\/wp-content\/uploads\/2025\/10\/LOA_1025_PANIGALE_1080x1080-150x150.png 150w, https:\/\/www.ducati-dijon.com\/wp-content\/uploads\/2025\/10\/LOA_1025_PANIGALE_1080x1080-768x768.png 768w, https:\/\/www.ducati-dijon.com\/wp-content\/uploads\/2025\/10\/LOA_1025_PANIGALE_1080x1080.png 1080w\" sizes=\"(max-width: 1024px) 100vw, 1024px\" \/>\t\t\t\t\t\t\t\t\t\t\t\t\t\t\t<\/div>\n\t\t\t\t<\/div>\n\t\t\t\t\t<\/div>\n\t\t<\/div>\n\t\t\t\t<div class=\"elementor-column elementor-col-25 elementor-top-column elementor-element elementor-element-a2ace25\" data-id=\"a2ace25\" data-element_type=\"column\">\n\t\t\t<div class=\"elementor-widget-wrap elementor-element-populated\">\n\t\t\t\t\t\t<div class=\"elementor-element elementor-element-2ed23b2 elementor-widget elementor-widget-image\" data-id=\"2ed23b2\" data-element_type=\"widget\" data-widget_type=\"image.default\">\n\t\t\t\t<div class=\"elementor-widget-container\">\n\t\t\t\t\t\t\t\t\t\t\t\t\t\t\t<img loading=\"lazy\" decoding=\"async\" width=\"1024\" height=\"1024\" src=\"https:\/\/www.ducati-dijon.com\/wp-content\/uploads\/2025\/10\/LOA_1025_MULTISTRADA-V4_1080x1080-1024x1024.png\" class=\"attachment-large size-large wp-image-1359\" alt=\"\" srcset=\"https:\/\/www.ducati-dijon.com\/wp-content\/uploads\/2025\/10\/LOA_1025_MULTISTRADA-V4_1080x1080-1024x1024.png 1024w, https:\/\/www.ducati-dijon.com\/wp-content\/uploads\/2025\/10\/LOA_1025_MULTISTRADA-V4_1080x1080-300x300.png 300w, https:\/\/www.ducati-dijon.com\/wp-content\/uploads\/2025\/10\/LOA_1025_MULTISTRADA-V4_1080x1080-150x150.png 150w, https:\/\/www.ducati-dijon.com\/wp-content\/uploads\/2025\/10\/LOA_1025_MULTISTRADA-V4_1080x1080-768x768.png 768w, https:\/\/www.ducati-dijon.com\/wp-content\/uploads\/2025\/10\/LOA_1025_MULTISTRADA-V4_1080x1080.png 1080w\" sizes=\"(max-width: 1024px) 100vw, 1024px\" \/>\t\t\t\t\t\t\t\t\t\t\t\t\t\t\t<\/div>\n\t\t\t\t<\/div>\n\t\t\t\t\t<\/div>\n\t\t<\/div>\n\t\t\t\t<div class=\"elementor-column elementor-col-25 elementor-top-column elementor-element elementor-element-0ef5d8c\" data-id=\"0ef5d8c\" data-element_type=\"column\">\n\t\t\t<div class=\"elementor-widget-wrap elementor-element-populated\">\n\t\t\t\t\t\t<div class=\"elementor-element elementor-element-c5dcd11 elementor-widget elementor-widget-image\" data-id=\"c5dcd11\" data-element_type=\"widget\" data-widget_type=\"image.default\">\n\t\t\t\t<div class=\"elementor-widget-container\">\n\t\t\t\t\t\t\t\t\t\t\t\t\t\t\t<img loading=\"lazy\" decoding=\"async\" width=\"1024\" height=\"1024\" src=\"https:\/\/www.ducati-dijon.com\/wp-content\/uploads\/2025\/10\/LOA_1025_STREETFIGHTER-V4_1080x1080-1024x1024.png\" class=\"attachment-large size-large wp-image-1361\" alt=\"\" srcset=\"https:\/\/www.ducati-dijon.com\/wp-content\/uploads\/2025\/10\/LOA_1025_STREETFIGHTER-V4_1080x1080-1024x1024.png 1024w, https:\/\/www.ducati-dijon.com\/wp-content\/uploads\/2025\/10\/LOA_1025_STREETFIGHTER-V4_1080x1080-300x300.png 300w, https:\/\/www.ducati-dijon.com\/wp-content\/uploads\/2025\/10\/LOA_1025_STREETFIGHTER-V4_1080x1080-150x150.png 150w, https:\/\/www.ducati-dijon.com\/wp-content\/uploads\/2025\/10\/LOA_1025_STREETFIGHTER-V4_1080x1080-768x768.png 768w, https:\/\/www.ducati-dijon.com\/wp-content\/uploads\/2025\/10\/LOA_1025_STREETFIGHTER-V4_1080x1080.png 1080w\" sizes=\"(max-width: 1024px) 100vw, 1024px\" \/>\t\t\t\t\t\t\t\t\t\t\t\t\t\t\t<\/div>\n\t\t\t\t<\/div>\n\t\t\t\t\t<\/div>\n\t\t<\/div>\n\t\t\t\t<div class=\"elementor-column elementor-col-25 elementor-top-column elementor-element elementor-element-a8b6860\" data-id=\"a8b6860\" data-element_type=\"column\">\n\t\t\t<div class=\"elementor-widget-wrap elementor-element-populated\">\n\t\t\t\t\t\t<div class=\"elementor-element elementor-element-615d7fd elementor-widget elementor-widget-image\" data-id=\"615d7fd\" data-element_type=\"widget\" data-widget_type=\"image.default\">\n\t\t\t\t<div class=\"elementor-widget-container\">\n\t\t\t\t\t\t\t\t\t\t\t\t\t\t\t<img loading=\"lazy\" decoding=\"async\" width=\"1024\" height=\"1024\" src=\"https:\/\/www.ducati-dijon.com\/wp-content\/uploads\/2025\/10\/LOA_1025_XDIAVEL_1080x1080-1024x1024.png\" class=\"attachment-large size-large wp-image-1358\" alt=\"\" srcset=\"https:\/\/www.ducati-dijon.com\/wp-content\/uploads\/2025\/10\/LOA_1025_XDIAVEL_1080x1080-1024x1024.png 1024w, https:\/\/www.ducati-dijon.com\/wp-content\/uploads\/2025\/10\/LOA_1025_XDIAVEL_1080x1080-300x300.png 300w, https:\/\/www.ducati-dijon.com\/wp-content\/uploads\/2025\/10\/LOA_1025_XDIAVEL_1080x1080-150x150.png 150w, https:\/\/www.ducati-dijon.com\/wp-content\/uploads\/2025\/10\/LOA_1025_XDIAVEL_1080x1080-768x768.png 768w, https:\/\/www.ducati-dijon.com\/wp-content\/uploads\/2025\/10\/LOA_1025_XDIAVEL_1080x1080.png 1080w\" sizes=\"(max-width: 1024px) 100vw, 1024px\" \/>\t\t\t\t\t\t\t\t\t\t\t\t\t\t\t<\/div>\n\t\t\t\t<\/div>\n\t\t\t\t\t<\/div>\n\t\t<\/div>\n\t\t\t\t\t<\/div>\n\t\t<\/section>\n\t\t\t\t<section class=\"elementor-section elementor-top-section elementor-element elementor-element-bf3e72b elementor-section-boxed elementor-section-height-default elementor-section-height-default\" data-id=\"bf3e72b\" data-element_type=\"section\">\n\t\t\t\t\t\t<div class=\"elementor-container elementor-column-gap-default\">\n\t\t\t\t\t<div class=\"elementor-column elementor-col-100 elementor-top-column elementor-element elementor-element-2fc76ab\" data-id=\"2fc76ab\" data-element_type=\"column\">\n\t\t\t<div class=\"elementor-widget-wrap elementor-element-populated\">\n\t\t\t\t\t\t<div class=\"elementor-element elementor-element-78c3995 elementor-widget elementor-widget-spacer\" data-id=\"78c3995\" data-element_type=\"widget\" data-widget_type=\"spacer.default\">\n\t\t\t\t<div class=\"elementor-widget-container\">\n\t\t\t\t\t\t\t<div class=\"elementor-spacer\">\n\t\t\t<div class=\"elementor-spacer-inner\"><\/div>\n\t\t<\/div>\n\t\t\t\t\t\t<\/div>\n\t\t\t\t<\/div>\n\t\t\t\t\t<\/div>\n\t\t<\/div>\n\t\t\t\t\t<\/div>\n\t\t<\/section>\n\t\t\t\t<\/div>\n\t\t","protected":false},"excerpt":{"rendered":"<p>NOS OFFRES DU MOMENT Ducati Financial Services vous propose chaque mois de nouvelles offres en LOA vous permettant d&rsquo;\u00e9taler les paiements de votre moto avant de la racheter, ou non au bout de 3 ans.\u00a0 En ce d\u00e9but d&rsquo;ann\u00e9e, b\u00e9n\u00e9ficiez d&rsquo;avantages exceptionnels sur les mod\u00e8les XDiavel V4, Multistrada V2 et V4, Scrambler Icon Dark, Streetfighter&#8230;<\/p>\n","protected":false},"author":1,"featured_media":0,"parent":0,"menu_order":0,"comment_status":"closed","ping_status":"closed","template":"","meta":{"_loi_post_transparent":"","_loi_post_title":"","_loi_post_layout":"","_loi_post_sidebar_id":"","_loi_post_content_style":"","_loi_post_vertical_padding":"","_loi_post_feature":"","_loi_post_feature_position":"","_loi_post_header":false,"_loi_post_footer":false,"footnotes":""},"class_list":["post-17","page","type-page","status-publish","hentry"],"_links":{"self":[{"href":"https:\/\/www.ducati-dijon.com\/index.php\/wp-json\/wp\/v2\/pages\/17","targetHints":{"allow":["GET"]}}],"collection":[{"href":"https:\/\/www.ducati-dijon.com\/index.php\/wp-json\/wp\/v2\/pages"}],"about":[{"href":"https:\/\/www.ducati-dijon.com\/index.php\/wp-json\/wp\/v2\/types\/page"}],"author":[{"embeddable":true,"href":"https:\/\/www.ducati-dijon.com\/index.php\/wp-json\/wp\/v2\/users\/1"}],"replies":[{"embeddable":true,"href":"https:\/\/www.ducati-dijon.com\/index.php\/wp-json\/wp\/v2\/comments?post=17"}],"version-history":[{"count":28,"href":"https:\/\/www.ducati-dijon.com\/index.php\/wp-json\/wp\/v2\/pages\/17\/revisions"}],"predecessor-version":[{"id":1392,"href":"https:\/\/www.ducati-dijon.com\/index.php\/wp-json\/wp\/v2\/pages\/17\/revisions\/1392"}],"wp:attachment":[{"href":"https:\/\/www.ducati-dijon.com\/index.php\/wp-json\/wp\/v2\/media?parent=17"}],"curies":[{"name":"wp","href":"https:\/\/api.w.org\/{rel}","templated":true}]}}